 2526*y, 14644 = 4*y + 3*k. Calculate the highest common factor of y and 850.
85
Let b be (-726)/(-10)*(-410)/(-123). Suppose 0 = -5*a + 2*v + b, 9*a + 47 = 10*a + v. Calculate the highest common factor of a and 216.
24
Let r be (-4 - 1)*(0 - -1). Let x = -6827 - -6826. Let c be r*x/((-3)/(-114)*2). Calculate the greatest common factor of c and 5.
5
Let y(i) = -6*i - 35. Let q be y(-7). Suppose 256 = -3*z + q*z. Suppose 9*m + z = 25*m. Calculate the highest common factor of 10 and m.
2
Let z = 244 + -177. Suppose 12*f - z = 29. What is the highest common factor of 88 and f?
8
Suppose 1989 = 52*f - f. Let m be (-1785)/(-70) + (-1)/(-2). What is the greatest common divisor of f and m?
13
Let d(r) = r**3 + 19*r**2 + 19*r + 30. Let m = -267 + 249. Let u be d(m). Calculate the highest common divisor of u and 96.
12
Let y be (5/1)/((-1)/(-5)). Suppose 3 = w - y. Suppose 7*n - 52 = l, 23*l - 13 = -n + 25*l. What is the highest common divisor of w and n?
7
Let c be (-8 - (-76)/12) + 286/6. Let f = 162 - 116. What is the greatest common divisor of f and c?
46
Let n = -553 - -560. Let f = -31 + 206. What is the greatest common factor of f and n?
7
Let j(g) = 10*g**2 + 21*g + 3. Let d be j(-3). Suppose d*z - 27*z = 96. Calculate the highest common factor of 256 and z.
32
Let u be (-11 - (-10 + 2))/((-3)/(-2)). Let n be (-245)/u + (-5 + 12)/(-14). What is the highest common factor of n and 183?
61
Let w = 258 - -4162. Calculate the greatest common factor of 390 and w.
130
Let p(b) = -3*b**2 - 66*b + 2*b**2 - b**3 + 59*b. Let k = -36 - -31. Let y be p(k). Calculate the greatest common divisor of y and 54.
27
Let c be -3 - (0 + 3) - (30/(-6) - 2541). Calculate the greatest common divisor of c and 40.
20
Suppose 0 = -5*o + 6 + 314. Suppose -4*a = -h + a + 18, -5*h + 3*a = -200. Suppose -h*r = -22*r - 2016. What is the highest common factor of o and r?
32
Let s be ((-16)/(-6))/((-15)/(-810)). Suppose 0 = -3*g + 135 - 39. Calculate the greatest common divisor of s and g.
16
Let h = 27217 + -27192. Suppose 2*z + 875 = 7*z. Calculate the highest common divisor of h and z.
25
Let l = -74 - -79. Let a = 6 - 42. Let w = -21 - a. Calculate the highest common divisor of w and l.
5
Let l = 23309 - 1924. What is the highest common factor of l and 35?
35
Let t = -7700 + 7868. What is the greatest common factor of t and 3444?
84
Let g = 1664 + -1621. What is the greatest common factor of 14 and g?
1
Let o be (40/7)/(2/7). Let c(h) = 3*h**3 + 5*h**2 + 3*h - 6. Let l be c(6). Suppose 0 = -4*x - 2*x + l. Calculate the greatest common factor of x and o.
20
Let o be 1*2/((-2)/11 - 0). Let y(r) = r**3 + 15*r**2 + 23*r + 3. Let c be y(o). Calculate the greatest common factor of 12 and c.
6
Let m(g) = 727*g - 535. Let f be m(1). What is the highest common factor of 5160 and f?
24
Let p be (-10*(-51)/340)/(3/6014). What is the highest common factor of p and 97?
97
Let r be -9*(-52 + (9 + -5 - 3)). What is the greatest common divisor of r and 85?
17
Let l = -19 - -29. Suppose r = -2*u - l, r = -6*u + u - 25. Suppose r = 3*g - 9, 3*y + 4*g = 2*y + 27. What is the highest common divisor of 3 and y?
3
Let s = 40 - 8. Suppose s*l - 60 - 68 = 0. What is the highest common divisor of 128 and l?
4
Let t be -10 - (-5 + -1) - -2962. Calculate the highest common divisor of 116 and t.
58
Suppose 0 = 5*p + 1315*l - 1318*l - 24998, 15022 = 3*p + 4*l. Calculate the greatest common divisor of 122 and p.
122
Suppose 0 = -5*j - 4*z + 378, j + 2*z - 88 + 10 = 0. Calculate the greatest common factor of j and 740.
74
Let v(m) = 65*m - 533. Let x be v(14). What is the highest common divisor of 319 and x?
29
Suppose d + 3*d + 20 = 0, -l + 276 = -2*d. Let r(u) = u**2 + 32*u + 14. Let x be r(-32). What is the greatest common divisor of x and l?
14
Suppose -4*t = -4*o + 2148, 70*o - 67*o + t = 1587. Calculate the greatest common divisor of 72 and o.
9
Let x(y) = y**3 + 4*y**2 - 32*y + 36. Let m be x(4). Calculate the greatest common divisor of 576 and m.
36
Let g be 3*(-96)/(-90)*5. Let d be (g/(-28))/(2/(-14)). Calculate the greatest common factor of 52 and d.
4
Suppose 0 = 14*o - 13054 - 4656. Calculate the greatest common factor of o and 5819.
253
Let z be ((-76)/12)/(7 - 3411/486). What is the highest common divisor of z and 72?
18
Let i(p) = 3*p + 65. Suppose 0 = 6*w + 27 + 39. Let j be i(w). Suppose -12 = 29*t - j*t. Calculate the greatest common factor of t and 36.
4
Let n = 1210 + -1042. What is the highest common divisor of n and 1596?
84
Let u(y) = -y**2 + 28. Let c be u(-8). Let d = c + 49. Calculate the highest common factor of 39 and d.
13
Let o be 15/(-6)*(5 + 17/(-5)). Let w be (-12)/(-7 + (o - -7)). What is the highest common factor of w and 14?
1
Let v(l) = -227*l + 5551. Let x be v(0). Calculate the greatest common divisor of 91 and x.
91
Let s(n) = -24*n - 503 + 511 - 3*n. Let c(u) = -u**2 - 2*u + 3. Let j be c(-4). Let b be s(j). Calculate the greatest common factor of b and 13.
13
Let f(n) = 17*n**2 + 19 - n**2 - 11*n**2 - n - 4*n**2. Let h be f(-3). What is the greatest common divisor of h and 93?
31
Suppose -9*k = -15*k + 102. Suppose 92 = -4*w + 7*w + 2*r, 5*w - 3*r - 185 = 0. Calculate the greatest common divisor of w and k.
17
Let o = 429 - 416. Suppose -o*p = -15*p + 4*c + 296, -5*c - 598 = -4*p. What is the greatest common factor of p and 32?
8
Let v be 12*(15/2 - (-6)/(-2)). Let w be 2 - (4 + -6 + -2). What is the highest common factor of v and w?
6
Suppose -457 = -15*s - 97. Calculate the greatest common divisor of 4320 and s.
24
Let d be (-56160)/384*6/(-15)*(-56)/(-3). What is the greatest common factor of 2436 and d?
84
Let g be (8*(-6)/(-48))/((-2)/948). Let x be 12/(-4) + (-1)/(6/g). What is the highest common factor of 8 and x?
4
Suppose 126 = -0*o + 7*o. Suppose 23 = -k + 12. Let l be -8*(4 - k/(-2)). Calculate the greatest common divisor of l and o.
6
Suppose 196 = 4*g - 5*y, g + 6*y = 4*y + 62. Let t be 9/g + 1 + (-190)/(-12). Suppose -12*p + 6*p = -816. Calculate the greatest common divisor of p and t.
17
Let w = -144 - -37. Let p = w + 73. Let l = p - -44. Calculate the highest common divisor of 20 and l.
10
Let i = -376 - -371. Let k = 38 + -2. Let g = k + i. Calculate the highest common factor of g and 341.
31
Let a(g) = -21*g**3 - 3*g**2 - 10*g + 81. Let s be a(-8). What is the highest common factor of s and 213?
71
Let k(y) = -15*y + 18. Let u be (-105)/84 + 38*1/(-8). Let a be k(u). Calculate the highest common divisor of a and 120.
12
Let a(p) = 2*p**3 + 84*p**2 + 37*p - 5. Let b be a(-41). Suppose -13*z + b = -1033. Let g = -34 - -51. Calculate the highest common divisor of g and z.
17
Let p be 46/138 + (-1)/(15/(-370)). Calculate the highest common factor of p and 50075.
25
Let k(s) = -1. Let l(y) = -14*y - 85. Let n(d) = k(d) - l(d). Let c be n(10). Calculate the highest common divisor of 14 and c.
14
Let p(d) = -9*d + 88. Let g(k) = -44*k + 440. Let z(m) = 3*g(m) - 14*p(m). Let l be z(8). What is the greatest common factor of l and 72?
8
Suppose -4*s - 260 = s. Let l = s + 149. Suppose l + 47 = 6*k. Calculate the highest common divisor of 36 and k.
12
Let f be (-2674)/(-35) + 14/(-35). What is the highest common factor of 1577 and f?
19
Let w(r) = -13*r + 57. Let z be w(4). Suppose -5*j + 42 + 138 = p, -z*p = -3*j + 108. Calculate the highest common factor of j and 24.
12
Suppose -7*l = -3*l - 96. Suppose 0 = -27*v + 21*v + 162. Suppose v*i - 23*i - 480 = 0. Calculate the greatest common divisor of i and l.
24
Let j(t) = 107*t**3 - 3*t. Let g be j(3). Suppose g = 5*b - 0*b. What is the greatest common factor of 18 and b?
18
Suppose 70 = 2*w - g, 5*w - 4*g + 7*g - 153 = 0. Let q = -775 - -1215. Calculate the greatest common factor of q and w.
11
Let k(x) = -2*x**2 - 39*x + 22. Let c be k(-20). Let f be ((-4)/c)/((-3)/15). What is the greatest common factor of f and 40?
10
Let o(w) = w**2 - 4*w + 4. Let g be o(2). Suppose g = -16*t + 192 + 608. What is the greatest common factor of t and 250?
50
Let l(q) = -q**2 + 3*q + 2. Let y be l(3). Suppose -y*n - 3*n = -u + 21, 4*u - 5*n = 39. Calculate the highest common factor of u and 8.
2
Let a(d) = 413*d - 450. Let z be a(5). Calculate the greatest common factor of 10 and z.
5
Let x be (-20)/(4/(-1))*-1 + 4.